. Suppose p = -n + 4. Suppose g + n*g = 84. What is the tens digit of g?
2
Let j(h) = -h**2 + 39*h + 1389. What is the tens digit of j(0)?
8
Let p(v) = 60*v + 15. What is the units digit of p(9)?
5
Let o(p) = -p**2 + 13*p - 5. Let n(u) = -u**2 + 7*u + 3. Let h be (3 + 14/(-4))*-12. Let c be n(h). What is the units digit of o(c)?
1
Suppose 90 = 3*z - 222. Let c be 3/(-15) - z/(-20). Suppose -4*d - c*y + 11 = 0, -d + 6 + 18 = -3*y. What is the units digit of d?
9
Suppose -2*b + 2363 = -5*q, 0 = -3*b - 2*b + 5*q + 5930. What is the thousands digit of b?
1
What is the units digit of ((-12)/16)/3 + 1298/8?
2
Suppose -a = 3*a, -4*z + 4*a + 228 = 0. Let c = 70 + z. What is the tens digit of c?
2
Suppose 50*t = 47*t + 81. What is the units digit of t?
7
Suppose -8*s + 9*s + 5*t = 2060, 5*t = -2*s + 4105. What is the tens digit of s?
4
Let r = 493 - -3137. What is the units digit of r?
0
Let s(k) = -8*k**3 + k**2 + k. Let h be s(-1). Let n(d) = -d**3 + 9*d**2 + 5*d + 8. What is the hundreds digit of n(h)?
1
Let r = -185 + 227. What is the units digit of r?
2
Suppose 3*p - 46 + 14 = i, 3*i - 2*p + 68 = 0. Let l = 0 - i. Suppose 0*a + l = a. What is the tens digit of a?
2
Let w(n) = 2*n**2 + 4*n + 10. Let v be 60/14*(-8 - -1). Let z be (-38)/8 - v/40. What is the tens digit of w(z)?
2
Suppose 0 = 4*f - 2*s - 5034, 4*f - 5*s - 3715 = 1316. What is the units digit of f?
9
Suppose 109*o = 115*o - 3462. What is the hundreds digit of o?
5
Let v(t) = 221*t**3 - 3*t**2 + 23*t + 17. Let m(j) = -74*j**3 + j**2 - 8*j - 6. Let i(l) = 17*m(l) + 6*v(l). What is the tens digit of i(1)?
6
Let u(v) = -8*v + 15. Let p be (-4)/(4 - 3) + 7. Let f(k) = k**2 + 9*k - 14. Let r(d) = p*u(d) + 2*f(d). What is the units digit of r(4)?
5
Let f = 1040 + 214. What is the tens digit of f?
5
Suppose -27*b = 5*b - 19776. What is the hundreds digit of b?
6
Let u be (-9)/(-5)*75/45. Suppose -n = u*y + 3, -5*y = 3*n + 2*n - 35. What is the units digit of (-2)/4 + 486/n?
0
Let v = 4502 - 1866. What is the tens digit of v?
3
Suppose b - 3*a - 27 = -2*b, -2*b + 14 = 2*a. Let s = b - 1. Suppose -f + 19 = -s. What is the units digit of f?
6
What is the hundreds digit of ((-2)/(-3))/(100/86250)?
5
What is the units digit of (-3)/(-3) + 3101 - (-26 - -29)?
9
Let p(m) = -176*m - 16. Let f be p(-3). Suppose 3*j - f = -4*w, 0*w + 4*j + 109 = w. What is the tens digit of w?
2
Let x(m) = -m - 3. Let s(v) = v**3 - 7*v**2 - 8*v - 6. Let w be s(8). Let o be 15/w*(4 - 2). What is the units digit of x(o)?
2
Let w = 1243 + -837. What is the hundreds digit of w?
4
Let c(f) = 75*f + 109. What is the units digit of c(46)?
9
Let o(h) = h + 8. Suppose 4*w = 79 - 19. Suppose -4*x + 7*x + w = 0. What is the units digit of o(x)?
3
Let u = 15 - 9. Suppose 5*a + u*l + 135 = 2*l, -5*l - 108 = 4*a. Let z = 0 - a. What is the units digit of z?
7
Let x = 6 - -2. Suppose -4*z = -x*z + 96. Suppose -z = -h - h. What is the units digit of h?
2
Let b be (-993)/(-6) + (-3)/(-6) + -1. Suppose 4*a = 15 + b. What is the tens digit of a?
4
Suppose -4*i - 469 = -z, 4*i = 3*z - 0*i - 1415. What is the hundreds digit of z?
4
What is the tens digit of (-86)/129 + 24027/9?
6
Let a = 2236 + -1472. What is the units digit of a?
4
Let f(i) = i**2 - 3*i - 1. Let a be f(4). Let s(d) = 6*d**3 - d**a - 15*d + 17*d**2 - 6 - 6*d**3. What is the tens digit of s(16)?
1
Suppose 2*o = 4*t + 12, 1 = -5*o - 5*t + 16. Suppose -20 = -i - o*i. Suppose -5*a + i*a + 4 = 0. What is the units digit of a?
4
Let f = 23 + -18. Suppose -11*q + 468 = -f*q. What is the units digit of q?
8
Let h be (-1)/((-1)/(-1))*73. Let u = h + 160. What is the tens digit of u?
8
Let f = -31 - -35. Suppose -41 = 3*r - 6*r + 4*n, -f*r + 40 = 2*n. Suppose 2*p - 17 = r. What is the units digit of p?
4
Suppose -26*p - 920 = 14*p. Let i(t) = 23*t - 1. Let n be i(-1). Let k = p - n. What is the units digit of k?
1
Suppose 0 = -5*k + l - 3*l + 88, -k = -l - 19. Let t = 17 - 26. Let y = k + t. What is the units digit of y?
9
Let v(i) = 2*i**2 - 2. Let p = -9 - -12. Let y be 7/(-2) - p/(-6). What is the tens digit of v(y)?
1
Suppose 0 = 4*r + 4*q - 303 - 9, 4*q + 390 = 5*r. What is the units digit of r?
8
Let z(c) = 5*c**2 - 9*c + 4. Let f be z(6). Let a = 245 - f. What is the hundreds digit of a?
1
Suppose 0 = -2*y + 2 - 0. Let g(n) = 65*n + 1. Let i(k) = -67*k - 1. Let x(d) = 6*g(d) + 5*i(d). What is the tens digit of x(y)?
5
Let j = 178 - 43. What is the tens digit of ((-32)/6)/((-10)/j)?
7
Let n be 3 + -2 + 3 + 1. Suppose 7 = -n*a + 42. What is the units digit of a?
7
Let w(m) be the second derivative of 3*m**5/40 - m**4/8 + m**3 - 4*m. Let c(t) be the second derivative of w(t). What is the units digit of c(3)?
4
Let l be 66/18 + (-2)/3 - 24. What is the units digit of (-1035)/l - (-18)/(-63)?
9
Let k = 18 + -16. Suppose -25 + 105 = 2*v - k*i, 0 = -4*v - i + 185. What is the tens digit of v?
4
Suppose 5*o - 3 = 12. Suppose -2*f + 5*f - o*r = 33, -6 = 2*f + 5*r. What is the units digit of (-2)/f + 184/7?
6
Suppose -4*f + 146 = -6. Suppose -7*b + 2*b - 2*x = -95, -5*x = -2*b + f. What is the units digit of b?
9
Let m be 246/3 - 2 - -4. Let b = -46 + m. What is the tens digit of b?
3
Let v = -1167 + 4212. What is the tens digit of v?
4
Suppose -3*o - 150 = 2*o. Let k be ((-18)/(-15))/((-9)/o). Suppose -16 = 2*y - k*y. What is the units digit of y?
8
Suppose -2*u + 9*u = 14007. What is the units digit of u?
1
Let y = -802 + 2136. What is the thousands digit of y?
1
Suppose 0 = 2*g - 7 + 27. Let q be (6/10)/((-3)/g). Suppose -3*a + 2*a + 69 = q*b, 2*a - 101 = -3*b. What is the units digit of b?
7
Let s(i) = -22*i**3 + 3*i + 2. Let k be s(-1). Let u = k - 70. What is the units digit of 4/4 + -3 - u?
7
Suppose 2*h + 851 = 5*c, 0 = -4*c - h + 328 + 345. Let x = c - 63. What is the hundreds digit of x?
1
Let z = -5 + 9. Suppose -3*x + 45 = 5*y - 0*x, 27 = 3*y + 4*x. Suppose y*c - z*c - 105 = 0. What is the tens digit of c?
2
What is the hundreds digit of (-2442 - -8)/((-1 + 3)/(-2))?
4
Suppose -5*q + 8*q - 801 = 0. What is the units digit of q?
7
Let p = -11 - 28. Let s = p + 16. Let k = 36 + s. What is the tens digit of k?
1
Let g be (-22)/(-5) - 27/(-45). Let o(m) = -m + 8. Let z be o(g). Suppose -5*w - z*u = -65, -w - 5*u = -4 - 9. What is the tens digit of w?
1
Suppose -3*t - t = -8. Suppose 0*y = -t*y + 16. What is the units digit of y?
8
Suppose 5*o = -3*i - 502 + 1459, -3*i = -4*o + 771. Let r = -115 + o. What is the tens digit of r?
7
What is the hundreds digit of 6*6/216 - (-33212)/24?
3
Suppose -2*q - 5*z + 46 + 331 = 0, 2*z - 730 = -4*q. What is the tens digit of q?
8
Let w(i) = i**3 + i**2 + i. Let g(h) = 2*h**3 + 4*h**2 + 5*h + 11. Let q(t) = g(t) - 3*w(t). What is the tens digit of q(0)?
1
Let r = 63 + -46. Suppose 2*t - 65 = r. What is the tens digit of t?
4
Let w(m) = -3*m + 1. Let o be w(-3). Suppose -18 = n - 4*i - 4, 3*n = i - 9. What is the units digit of ((-5)/o)/(n/4)?
1
Suppose 0 = -3*s + 5*n + 20 + 15, 2*n - 17 = -5*s. Suppose k = 3*h + 39, -s*h - 32 - 73 = -3*k. What is the tens digit of k?
3
Let c(p) = -p**3 - 5*p**2 + 8*p - 4. Suppose -6*o - 15 = 27. What is the units digit of c(o)?
8
Let f = 309 + -138. Suppose -3*z + f = -9. What is the units digit of z?
0
Let x(t) = 1 + 31*t**2 - 2 - 14*t**2 + 2*t. Let c be (-4)/(-3)*3 - (-16 + 19). What is the tens digit of x(c)?
1
Let r(n) = -n**2 + 12*n + 9. Suppose 4*v - 35 = -v - 3*a, -5*a - 25 = 0. Let h be r(v). Suppose -7 - h = -3*p. What is the tens digit of p?
1
Suppose 0 = -4*m + 10*m - 1266. Suppose 5*k = -5*j + k + 232, 5*j - 3*k - m = 0. What is the tens digit of j?
4
What is the tens digit of ((-1656)/230)/(4/(-170))?
0
Let r(k) = 61*k**2 + 80*k - 465. What is the thousands digit of r(6)?
2
Let b(z) = -4*z**2 - 149*z - 16. What is the tens digit of b(-35)?
9
Suppose 254 - 816 = -2*y. What is the units digit of y?
1
What is the units digit of (-11*6)/(48/(-2472))?
9
Let y(r) = -7*r**2 + 5*r + 19. Let k(o) = -3*o**2 + 2*o + 9. Let p(u) = -5*k(u) + 2*y(u). What is the units digit of p(-4)?
9
Suppose -2*l = 2*l - 28. Let h = -1 + l. Suppose h = -5*j + 86. What is the units digit of j?
6
Let s be 157/3 + 4/6. Let m be -6 + (-117)/(-18) + (-15)/6. Let l = s - m. What is the tens digit of l?
5
Suppose -1007 = -8*o 